3). Is 2/(((-2)/p)/(-1)) a multiple of 13?
False
Let d be (49 - 4) + -3 - 3. Let o = d + 3. Is o a multiple of 42?
True
Let y(j) = 8*j**2 + 12*j - 21. Does 29 divide y(7)?
False
Let k = -10 + 18. Suppose -8*g = -32 - 16. Suppose g*x + k = 7*x. Does 7 divide x?
False
Suppose 3*t + 4*b + 10 = 5*t, -3*t - 4*b = -5. Let q be 68/(-374) + 1522/22. Suppose -5*k + q - 23 = 3*y, y - 2*k + t = 0. Does 2 divide y?
False
Let l(w) = -17 + 1284*w - 1187*w + 6. Is 13 a factor of l(2)?
False
Suppose 21 + 11 = 4*q. Let j(p) = -p**3 + 8*p**2 + 4*p + 11. Does 17 divide j(q)?
False
Let d(b) = -b**3 + b**2 - b + 1. Let l(q) = -33*q**3 - 3*q**2 + 3*q - 5. Let f(v) = -6*d(v) - l(v). Does 38 divide f(1)?
True
Let o = -34 - -36. Suppose 3*f - 150 = -5*c, -o*f - 50 = -2*c + 26. Is 19 a factor of c?
False
Let f(k) = k**3 + 9*k**2 + 6*k + 18. Let v = -51 - -43. Does 14 divide f(v)?
False
Suppose 3*k = -3*s + 3, 3*s - 7*s + 5*k + 13 = 0. Suppose -2*u + 44 = 2*z, s*u + 0*u = 3*z + 19. Is u a multiple of 4?
False
Let z = 43 - -563. Does 37 divide z?
False
Let y = -1736 - -2997. Is y a multiple of 9?
False
Suppose 3*k = 4*k - 43. Suppose -3*z + 33 = 3*y, -k = -5*y - z - 0*z. Suppose 0 = -y*s + 11*s - 27. Is s a multiple of 9?
True
Suppose -t = 3*v + 2, -v - 1 - 1 = 0. Let b be (t - 5) + -54 + -1. Is (-5)/(20/b) + 2 a multiple of 5?
False
Let s = -24 - -24. Suppose -2*o + 8 = 4*j - 2, -2*o - 6 = s. Does 27 divide j/2*(-54)/(-4)?
True
Is 20 a factor of 15/((-12002)/12104 - -1*1)?
True
Suppose -12 = -5*i - 2*s, -3*i + 2*s + 2 = -2*s. Is (2436/63)/(i/3 - 0) a multiple of 23?
False
Let d be ((-15)/(-30))/(2/4). Let g be ((-2)/6)/(d/(-18)). Let z = g + 10. Does 16 divide z?
True
Let n(x) be the third derivative of x**6/30 - x**5/30 + x**4/8 - x**3/3 + 7*x**2. Does 7 divide n(2)?
True
Let l be 3*(-7 - -3)*1. Is (15 - 25)/(2/l) a multiple of 15?
True
Let r(d) = 2*d**2 + 4*d - 15. Let l be r(-5). Suppose 14*t = l*t - 44. Does 22 divide t?
True
Let f(y) = -y + 1. Let x be f(-1). Let t(a) be the first derivative of a**2 + 2*a - 9. Is t(x) a multiple of 3?
True
Let o(g) = -g**3 - 8*g**2 + 8*g - 23. Is 21 a factor of o(-11)?
True
Let m = 16 - 19. Let u be (m/(-9))/((-4)/(-48)). Does 3 divide u + -3 + (-2 - -10)?
True
Is 77 a factor of 40/300 - (-20788)/15?
True
Is (-3696)/(-112)*(46 - 1) a multiple of 55?
True
Suppose 7*l + 14*l = 30597. Is l a multiple of 12?
False
Let v be 1 + 1*(2 + -1). Let k(w) = -5 + 3 + 7*w**v + 4 + 2 + 2*w. Is k(-4) a multiple of 27?
True
Suppose -2*v - 3*m + 6 = 0, -3*v + 9 = 2*m - 0*m. Suppose 2*o = 5*y - 131, 2*y + v*y - 140 = 5*o. Does 4 divide y?
False
Let r = 19 - 16. Suppose -4*j + 20 + 19 = r*n, 3*j + 39 = 3*n. Is 4 a factor of n?
False
Let x(i) = 5*i**2 + 2*i + 1. Let g(d) = 2*d**3 + d. Let c be g(-1). Let n be c*-4*2/(-12). Is 17 a factor of x(n)?
True
Let d = -23 - -39. Let h = d - 20. Is 14 a factor of h*(-3)/((-6)/(-35))?
True
Let r be 2 + 0 + -6 + 10. Let f be (-16)/(-3) + r/9. Suppose -5*b + 6 = -u - u, 4*b - f = u. Is u even?
True
Suppose -2*l = 3*l - 610. Suppose 5*g + 27 = l. Is g even?
False
Let y(k) = 138*k - 136*k + 2 + 6. Let o be y(11). Suppose 0 = 2*d - o - 18. Is 12 a factor of d?
True
Does 14 divide (-266)/((-6)/72 + 4/(-16))?
True
Let y = -49 - -51. Suppose -2*f - x = -11, -3*f + 6 = -x + y. Is f a multiple of 3?
True
Suppose 3*q = -i - 16, q = -6*i + 2*i - 9. Let w(b) = 70*b**2 - 2*b - 2. Is 11 a factor of w(i)?
False
Suppose 0 = -258*s + 265*s - 22477. Does 45 divide s?
False
Let r be (-22)/(-5*8/(-20)). Let q = 11 + r. Let y = q + 3. Does 2 divide y?
False
Let z(u) = -u**3 + u - 4. Let i be z(0). Let o = -2 - i. Suppose 3*v + 5*n = 4*v + 3, -o*v = -n - 39. Is v a multiple of 7?
False
Let p(c) = -2*c + 6*c**2 + 2 - c**2 - c**2. Let i(k) = k**2 + 10*k + 2. Let b be i(-10). Does 14 divide p(b)?
True
Suppose -q = -2*y - 323, 5*q - y - 510 - 1078 = 0. Is 14 a factor of q?
False
Let o(a) = -a**2 + 3*a + 12. Let n be o(5). Let i(s) = 21 + 14*s - n - 24*s + 12*s. Is i(9) a multiple of 15?
False
Suppose 0 = 4*i + 2*p - 6, 0 = -2*i - 5*p + 2 - 19. Suppose -i*c + 119 + 133 = 0. Is 9 a factor of c?
True
Suppose -241 = -2*s + 25. Suppose -125 = 3*h + 5*l, -2*l = -3*h - 3*l - s. Let m = h - -95. Is 14 a factor of m?
False
Suppose -a = -5, -5*h - 23*a + 2490 = -26*a. Does 10 divide h?
False
Suppose -3*a - 5*f + 9 = -0*f, -15 = -5*a + 5*f. Suppose a*d - 1 = 2*p, p - 2*p + 5*d = 4. Is 20 a factor of (p + 79)/((-9)/(-9))?
True
Suppose -29*q + 15337 = 1243. Does 8 divide q?
False
Suppose -6*i + 334 = -1466. Does 30 divide i?
True
Let i(n) = -9*n**3 - 2*n**2 - 2*n + 2. Is 10 a factor of i(-3)?
False
Suppose -10932 = 15*t - 27*t. Does 25 divide t?
False
Let m = -68 + 69. Is 8 a factor of (-14)/((0 - m)/2)?
False
Suppose 2*n = -2*v - 60, -10 = -0*n + n - 4*v. Let s = -28 - n. Is 14 a factor of 2 + s - (3 - 79)?
False
Suppose 3*m - 11 = -5. Is ((-24)/48)/((m/(-24))/1) even?
True
Let c(g) = 2*g**3 - g**2 + 2 - 3*g**3 + 16 + 8*g - 6*g**2. Does 18 divide c(-8)?
True
Suppose 2*n - 4 = n. Is n/10 + 1059/15 a multiple of 8?
False
Suppose -b + 156 = b. Suppose -2*s + b = 2*t, -s + 4*s + 2*t - 116 = 0. Is 38 a factor of s?
True
Let l = 18 - 21. Let x be (l - 3)*(-2)/4. Suppose -x*o = 2*o - 4*a - 164, 0 = 3*o - 4*a - 92. Is 23 a factor of o?
False
Let m = -12 + 13. Let h = 5 - m. Suppose 223 + 57 = h*q. Is 28 a factor of q?
False
Let y(o) = 50*o - 961. Is 27 a factor of y(23)?
True
Is 15 a factor of (90/(-4))/(31/(-310))?
True
Does 4 divide (-67)/(-3) + (-3)/9 + 0?
False
Let x = -9 - -166. Let t = x - 87. Is 14 a factor of t?
True
Suppose -3*r + 685 = -i, 9*i - 4*i - 223 = -r. Is r a multiple of 19?
True
Suppose 5*s = -4*i + 15, s - 7 - 15 = 3*i. Let m = s + -12. Let u(t) = t**2 + 2*t + 1. Is 6 a factor of u(m)?
False
Suppose 3*n = 2*h + 58, -2*h - 8 - 10 = -n. Suppose -5*l + l + n = 3*s, 0 = -5*l + 5*s + 25. Suppose l*k + 63 = 6*k. Is 14 a factor of k?
False
Let i(c) = -c**2 + 14*c + 1. Let w = -23 - -38. Let d be i(w). Is 15 a factor of (-256)/d + (-12)/42?
False
Suppose 4*r + 0*r - 221 = 3*t, 0 = 4*r + 5*t - 229. Let g = r + 20. Does 17 divide g?
False
Let w(u) = -6*u**2 - 2. Let d(i) = i**2 - i - 1. Let x(y) = 3*d(y) - w(y). Is 8 a factor of x(-1)?
False
Does 77 divide (-14)/1*(-184 + 52)?
True
Suppose 134 = 3*d + 425. Let n be (-1)/(-1 + 0) + 148. Let o = d + n. Is o a multiple of 13?
True
Let d(o) = 1016*o**3 + 2*o**2 - 30*o + 29. Is 16 a factor of d(1)?
False
Suppose 4*l - 288 = 92. Is l a multiple of 5?
True
Let v be 1 - 2 - (1 - 0). Let i be (v/(-7))/((-10)/(-70)). Is 21 a factor of (-4)/i + 92 + -8?
False
Let s = 3 + -2. Let b(p) = 6 + 3 - 4 + 4*p - 6. Does 3 divide b(s)?
True
Let c(n) = n**3 + 3*n**2 + n - 8. Let v(g) = g. Let h(s) = -c(s) - 3*v(s). Let l be h(-5). Let q = l + -46. Is q a multiple of 16?
True
Suppose 2*j = j + 94. Suppose -i - 3*b + 18 = 0, i - 2*b = 3*i - 28. Is 25 a factor of j - 3*(-4)/i?
False
Suppose 14*s - 6459 = 7233. Does 23 divide s?
False
Let t(c) = -c - 6. Let n be t(-10). Suppose 2*i = 4*x + 98 + n, -195 = -4*i + 5*x. Is i a multiple of 15?
True
Let b(f) = f**3 + 14*f**2 + 13*f - 4. Let o be b(-13). Let a = o - -15. Is 14 a factor of 374/a - (0 - 0)?
False
Let v = 147 - 99. Suppose -22*t + v = -21*t. Does 5 divide t?
False
Let w be (0/1 - 7)*(-1 + 0). Let g(d) = 14*d + 5. Is g(w) a multiple of 21?
False
Suppose 20 = l - 2*x - 3*x, -4 = x. Suppose 0 = v - l*t + 5*t - 40, 4*v - 270 = 2*t. Does 13 divide v?
True
Suppose q + 16 = 5*f, -2*q = 2*f - 3*f + 23. Let s = 109 + q. Is s a multiple of 14?
True
Is -1 + (-5*4)/(-4) + 259 a multiple of 4?
False
Let s(a) = -a**3 - 6*a**2 - 5*a - 17. Let d be s(-7). Suppose 0 = 3*t - 0*t - 2*v - d, t = 4*v + 9. Is t even?
False
Suppose -5*p - 60 = -185. Let a = p + 13. Does 19 divide a?
True
Let y(n) = 5*n**2 + 2*n. Let m be y(2). Let u = m - -7. Is 4 a factor of u?
False
Let h = -79 - -39. Is ((-32)/h)/((-4)/(-50)) a multiple of 2?
True
Let q = -71 - -76. Let d(f) = f**3 - 6*f**2 - 9*f + 7. Let h be d(8). Suppose -q*i + 26 = 3*p - 36, 2*p - h = -5*i. Is 7 a factor of i?
False
Let w(x) = -x**3 + 16*x**2 + 17*x. Let q be w(17). Suppose 5*b - 375 = 5*m, q*b - 4*m = b - 75. Does 9 divide b?
False
Suppose -20 = -i + t, 140*i - 136*i + 5*t = 116. Is i a multiple of 8?
True
Suppose 4*a = 703 + 